h?
2
Let n = -5 + 5. Suppose -2*k + 8 = 0, -4*l = -5*k + 7 + 1. Suppose -l*h + 2*h + 6 = n. What is the units digit of h?
6
Let g = -17 - -53. What is the tens digit of g?
3
Suppose 3*s = 4*k + 5*s - 2, 0 = -k - 2*s - 7. Suppose 51 = 4*f + 3*n, -2 = -k*f + 5*n - 0. What is the units digit of f?
9
Suppose q - 256 = -2*w, -4*q + 3*w + 383 = -641. What is the hundreds digit of q?
2
Let x = 25 - -18. What is the tens digit of x?
4
Let f = -69 - -109. Let n = f - 19. What is the tens digit of n?
2
Let n(v) = 5*v + 3 - 3*v**2 + 6*v - 14 + 2*v**2. Let s be n(9). Let c = 10 - s. What is the units digit of c?
3
Suppose -2*o + 6 = -3*p + 2*o, 23 = 4*p + 5*o. Suppose 5*m - p*f - 71 = 0, 4*m - 8 = 2*f + 48. What is the tens digit of m?
1
Let y = 103 - 44. What is the tens digit of y?
5
Suppose 2*q - 7 = -5*k, 3*q = 4*k + 5*q - 4. Suppose 4*a + 78 = k*h, 29 = -3*a + 5*h - 35. Let u = a - -25. What is the units digit of u?
7
Suppose -h + 5*k - 8 = 6, 0 = 5*h + 5*k - 80. Let l(r) be the first derivative of -r**3/3 + 6*r**2 - 2*r - 9. What is the units digit of l(h)?
9
Suppose -2*r + r + 1040 = 2*y, -3*y - 4*r = -1550. Let h be (y/27)/((-2)/3). Let a = h + 42. What is the units digit of a?
3
What is the tens digit of (-1176)/(-36) + ((-2)/(-3))/2?
3
Let b(v) be the second derivative of v**5/20 - v**4/3 - v**3/6 - 3*v**2 + 2*v. What is the tens digit of b(5)?
1
Let z be (13/(-1) + 1)/1. What is the units digit of (-6)/((-9)/z*-2)?
4
Let u(i) = i**3 + 2*i. Let q be u(-3). What is the tens digit of q/2*(-52)/39?
2
Suppose a + 3*g - 4 - 8 = 0, -5*g = a - 22. Let q(i) = i**3 + 3*i**2 - i - 2. What is the units digit of q(a)?
1
Suppose 0 = -8*i + 3*i + 10. Suppose 2*j + 1 = i*g + 27, 0 = 4*g + 12. What is the tens digit of j?
1
Let u be -2 + (2*6)/2. Suppose 4*z = u + 20. What is the units digit of z?
6
What is the tens digit of (14 + -1)*(1 + 4)?
6
Let g(u) = -3*u - 20 + 0*u + u**2 + 41 + 4*u. What is the tens digit of g(0)?
2
Suppose 2*l - l = 8. Let o be (-12)/l - 27/2. What is the units digit of (0 - o/6)*2?
5
Let m(b) = 0*b**3 - 7*b - 8*b**3 + 8*b**2 + 3 + 7*b**3. What is the tens digit of m(6)?
3
Suppose 3*v = -3*t + 2*t + 188, 0 = -5*v + t + 308. Suppose -12 = -3*y, -2*w - 4*y + v = y. What is the units digit of w?
1
What is the units digit of (-1 + 305/(-3))*96/(-32)?
8
Let p(l) = l**2 - 8*l + 7. Let k be p(6). Let y = -14 + 5. Let i = k - y. What is the units digit of i?
4
Suppose 9 = 2*p - 13. Suppose p = -3*d + 35. What is the units digit of d?
8
Suppose 4*t - 36 = -108. What is the units digit of (-58)/t - (-10)/(-45)?
3
Let l = 27 - 6. What is the units digit of l?
1
Let q be 22/4 + 7/(-14). Suppose 79 = q*m + 3*w, -m = 2*m - 3*w - 57. What is the tens digit of m?
1
Let d be (-270)/(-2) + (6 - 5). Suppose 2*i + 5*a + 56 = 0, 4*i + 5*a = a - d. What is the units digit of (i/8)/(7/(-28))?
9
What is the units digit of (-930)/(-35) - (-20)/(-35)?
6
Suppose -x = -5*x + 288. What is the units digit of x?
2
What is the units digit of (-7)/(-1)*(2 + 11)?
1
Suppose -4*c - 3*u = 13, 7 = -4*c - 2*u + u. Let q(a) = a**2 - a + 4. Let k be q(0). Let l = k + c. What is the units digit of l?
3
Let k = 17 - 13. What is the units digit of k?
4
Suppose 2*x - 34 = -5*s + 1, -4*s + 5 = -3*x. Suppose 0*u + s*u - 150 = 0. What is the tens digit of u?
3
Let o be (-150)/(-4)*6/9. Let d = 44 - o. Suppose 0 = -2*h + 3*h - 5*v - d, 4*h = 5*v + 46. What is the units digit of h?
9
Suppose 60 + 68 = 4*v. What is the units digit of v?
2
Let g be (-1 - (-2 + 1))/2. Suppose 5*a = -0*n - n + 23, g = 2*n + 3*a - 18. Suppose -16 = y + n*y, 4*c - 2*y = 48. What is the tens digit of c?
1
Let f = 1 + 3. Let h(c) = -c. Let o be h(-3). Suppose 3*b = -j + 17, 3*b - o*j = 1 - f. What is the units digit of b?
4
Let l be (3*1)/((-15)/10). Let z(s) = -2*s**3 - s + 1. What is the units digit of z(l)?
9
Let b(w) = 63*w - 3. What is the tens digit of b(1)?
6
Suppose -4*k = -6*g + 3*g - 31, -g = -5*k + 36. Suppose -5*v + k = -18. Suppose -2*p = -6*p - 5*n + 45, 0 = -4*p + v*n - 5. What is the units digit of p?
5
Let v(w) = w**3 - 13*w**2 - 14*w + 4. What is the units digit of v(14)?
4
Suppose 0 = n + 2*y - 36, 2*n - 4*n = 5*y - 72. What is the units digit of n?
6
Suppose m = -1, 5*b + 5 = 4*b - 3*m. Let s = b + -5. Let i = 11 + s. What is the units digit of i?
4
Let j(b) = b - 2. Let l be j(6). Suppose 0 = -k - l*k + 15. What is the units digit of 2/(((-6)/(-4))/k)?
4
Let c(y) = -5*y**2 + 5*y - 3. Let d(z) = 9*z**2 - 9*z + 6. Let a(g) = -11*c(g) - 6*d(g). What is the units digit of a(4)?
9
Let o = -1 - -7. Suppose -4*h + o = 2. What is the units digit of h?
1
Let f = -1 + 99. What is the tens digit of f?
9
Suppose -4*f + 36 = 5*v, 2*f = -4*v + 8 + 4. Suppose 0 = f*m - 9*m - 35. What is the units digit of m?
7
Let s = 57 + -65. Suppose h - j - 19 = 4*j, 5*h + 3*j = 39. Let v = h + s. What is the units digit of v?
1
Suppose 3 = -b - 2*n, -5*n - 5 = 3*b + 2*b. Suppose -b = -f + 11. Suppose 0 = -m - 4*k + f, -108 = -5*m - k - 29. What is the tens digit of m?
1
Let t(i) = -i**2 - 7*i - 7. Let z be t(-6). Let r be -1*(z/1 + 0). What is the tens digit of 11 + r + (-6)/3?
1
Suppose -3*p = -4 - 11, -4*l - 2*p + 2 = 0. Let s be (3 + -1)/l - 0. Let v(b) = 3*b**2 + b + 1. What is the units digit of v(s)?
3
Let m = 298 - 6. What is the hundreds digit of m?
2
Let w be (-9)/(-6)*24/9. Suppose -2*s - 53 = -3*c, -c - w*s - 2 = -1. What is the units digit of c?
5
Let i = 6 + 27. What is the tens digit of i?
3
Suppose -2*p - 5*m = p - 61, -84 = -4*p - 4*m. What is the units digit of p?
2
Let l(m) = -m**3 - 14*m**2 - 2. Let w be l(-14). Suppose -3*u + 42 + 24 = 0. What is the tens digit of 1/((w + 4)/u)?
1
What is the tens digit of (8/(-20))/(1/(-30))?
1
Let a(w) = -w + 4. Let l be a(2). Suppose -33 = -5*d - 3*c, -4*c + 8 = d - l*c. What is the units digit of d?
6
Let h(d) be the first derivative of -d**4/4 - 10*d**3/3 - 5*d**2 - 3*d + 5. What is the units digit of h(-9)?
6
Let n = 7 + -2. Let p = -4 + n. What is the units digit of p?
1
Suppose 3*f + 5 = -5*l, 4*f - 27 - 5 = 3*l. Suppose -3*j + q = -0*j - 56, f*q - 62 = -4*j. What is the tens digit of j?
1
Suppose 0 = -0*v - 3*v + 6. Let f(b) = 3*b**2 + b - 1. What is the tens digit of f(v)?
1
Let c(b) = b**3 - 5*b**2 - 6*b + 1. Let z be c(6). What is the units digit of z*7 + -1 + 1?
7
Let b(d) = -2*d - 6. Let c be b(-5). Let t = 4 - c. What is the units digit of t + (2 - 4*-1)?
6
Let y(m) = 13*m - 11. What is the units digit of y(5)?
4
Let r = -48 - -69. What is the tens digit of r?
2
Suppose -1 = 5*c - 11. Suppose -3*w = -4*z + c*w + 43, 0 = z + 5*w - 42. Suppose -j + z = 4*f, -4*f - 3*j - j + 8 = 0. What is the units digit of f?
5
Suppose c - 4*h - 6 = 0, 5*c + 0*h = h + 49. What is the units digit of ((-15)/c)/((-2)/4)?
3
Let f = -9 - -15. What is the units digit of f?
6
Let s(p) = -p - 2. What is the units digit of s(-7)?
5
Let r = 2 - 3. Suppose -2*k = 11 - 7. What is the units digit of r/k*6 - -5?
8
Let w be 9/6*(1 - 31). Let a be (w/6)/(3/8). What is the tens digit of ((-6)/(-4))/((-2)/a)?
1
Suppose 2 = -4*b + 2*b. Let q be 2 + (-1)/2*-2. What is the units digit of b/q + 50/6?
8
Let j = -4 + 78. What is the tens digit of j?
7
Let v be 25/4 - (-1)/(-4). Let t be 9*1*2/v. Suppose 5*p - o = 60, -t*o = -2*p - 3*p + 60. What is the tens digit of p?
1
Let m(a) be the third derivative of a**4/24 + 5*a**3/2 + 3*a**2. Let u be m(0). What is the units digit of u/9 + (-4)/6?
1
Let n = 9 - 174. Let v be n/(-4 - -1) + -1. What is the units digit of 1/(v/(-57) - -1)?
9
Suppose 3 + 29 = c. Suppose -4 = 4*z - c. What is the units digit of z?
7
Let h(y) = 2 - 4*y - 2*y + 5*y + 3. Let p be h(-9). What is the units digit of 186/p - (-10)/(-35)?
3
Let g be (-3 - -5)/(1/2). Suppose 19 = g*p - 5. Let z(a) = -a**3 + 6*a**2 + a + 5. What is the tens digit of z(p)?
1
Suppose 0 = -2*g - 4 + 16. Let v(u) = 7*u - 2. What is the tens digit of v(g)?
4
Let m = -28 - -82. What is the tens digit of m?
5
What is the units digit of 99 + 15/5 - 0?
2
Let r = 8 + 1. Suppose -15 = -2*c + r. What is the tens digit of c?
1
Suppose -3*z + 25 = n, 2*z - 3*n + 1 = 14. What is the units digit of z?
8
Let c = -41 + 25. What is the units digit of (-60)/(-24)*c/(-10)?
4
Let p = 5 - -10. Suppose m - 2*u + 5